 2*x - g. What are the prime factors of o?
2
Let a = 0 - 2. Let k(j) = -2*j**2 + 2*j + 1. Let g be k(a). Let t = g + 20. List the prime factors of t.
3
Suppose 9*s - 201 = 6*s. Let v = 95 - s. What are the prime factors of v?
2, 7
Suppose -5*p + 3*w = -6, -5*p - 4*w - 3 = 5. Suppose p = -v + 2 + 2. Suppose 8*q - 3*q = -2*f + 17, -v*q + 11 = -f. What are the prime factors of q?
3
Let a = 82 - 51. List the prime factors of a.
31
Let r(d) = d - 9. Let b be r(8). List the prime factors of -2*(-3 + b + 0).
2
Suppose 4*i - 75 = 4*k + 9, -5*i + 85 = -k. What are the prime factors of i?
2
Suppose 2*a = -a + 114. List the prime factors of a.
2, 19
Suppose -4*q = 4*b - 432, -3*b + 2*q = -84 - 225. List the prime factors of b.
3, 5, 7
Let q(i) = -i**2 + 4*i + 4. Let j = 4 - 0. List the prime factors of q(j).
2
Let p(a) = 3*a**2 + 4*a - 3. List the prime factors of p(-4).
29
Let k(c) = 13*c**2 + c. Let r be -3*-1*2/3. Suppose -r + 3 = -m. List the prime factors of k(m).
2, 3
Let c(p) = 9*p**2 - p + 3. List the prime factors of c(3).
3
Let x = 1 + 4. Suppose -2*c - c - 35 = -5*l, 0 = 2*l - 5*c + x. What are the prime factors of l?
2, 5
Let t = -31 + 13. Let i = -9 - t. What are the prime factors of i?
3
Let k be -8 + (0 - 0 - -1). Let l = 11 + k. List the prime factors of l.
2
Let g be 1 + 2 - 3 - 18. Let r = g + 29. List the prime factors of r.
11
Let c(a) = 2*a. Let x(j) = -7*j**3. Let o be x(1). Let i(y) = -2*y - 9. Let z be i(o). What are the prime factors of c(z)?
2, 5
Suppose -4*o - 18 = n, o - n + 6 = -o. What are the prime factors of 6/o*(-156)/18?
13
What are the prime factors of 2 + -4 + (38 - 0)?
2, 3
Let c be (22/6 + -4)*-15. Suppose 0 = 4*i - 3*z - 50 - 91, 220 = 5*i + c*z. What are the prime factors of i?
3, 13
Let w(c) = -3 - 5*c - 4 - 2*c + 2*c. What are the prime factors of w(-8)?
3, 11
Suppose -r = -0*r - 4. Suppose -5 = 6*m - m, 5*q - 141 = -r*m. List the prime factors of q.
29
Suppose -5*j - 2*r = 3*r - 225, 0 = j - 3*r - 49. What are the prime factors of j?
2, 23
Suppose -8*r + 412 + 212 = 0. What are the prime factors of r?
2, 3, 13
Suppose -2*l - 2*d + 242 = 0, -3*l - d = -5*l + 227. List the prime factors of l.
2, 29
Let b be 1/3 - (-5)/3. Suppose 18 = b*g - 2. What are the prime factors of g?
2, 5
Let i = 10 - -19. Let n = 2 + 0. Suppose -5*d + 25 = -n*h - i, -6 = -2*h. List the prime factors of d.
2, 3
What are the prime factors of (-19)/(-2)*(3 + 1)?
2, 19
Suppose 0 = 5*o - 15, 7*o = -q + 5*o + 8. Let a be (4/10)/(q/10). Suppose w - 7 = a*n - 5*n, 2*w = -4*n + 6. List the prime factors of n.
2
Suppose 4*b - b - f - 7 = 0, -3*b + 3*f - 3 = 0. What are the prime factors of b?
2
Let y be (-177)/(-6) - (-1)/2. What are the prime factors of (-1*y)/(6/(-4))?
2, 5
Suppose -4*i - 12 = -3*z, 3*z + 5 - 20 = 5*i. Let d = z - -3. What are the prime factors of d?
3
What are the prime factors of (1 + 0/1)/(1/151)?
151
Suppose 277 = 2*h + 3*b - 8*b, 0 = -h - 3*b + 122. What are the prime factors of h?
131
Let j(h) = -h**2 + 2. Let l be j(0). Let u(o) = 2*o**2 - 2*o + 3. List the prime factors of u(l).
7
Let m = 9 - -1. Let y = m - -3. List the prime factors of y.
13
Suppose -44 - 66 = -5*z. List the prime factors of z.
2, 11
Suppose -2*n - 10 = -7*n. Suppose -b + n*f = -51, 2*b + 29 = 2*f + 121. What are the prime factors of b?
41
Let j(d) = 2*d + 3. Let c(z) = -5*z - 6. Let q(b) = 4*c(b) + 9*j(b). Let r(p) = 4*p - 7. Let i(u) = 5*q(u) + 2*r(u). What are the prime factors of i(-4)?
3
Let x = 12 - -12. List the prime factors of x.
2, 3
Let b = 71 + -37. List the prime factors of b.
2, 17
Let n be (-8)/(-3)*(-18)/(-8). Let c(l) = 6 - l - n. List the prime factors of c(-3).
3
Let i = 3 - 0. Let n(m) = m. Let l(p) = -5*p + 1. Let o(y) = -l(y) - 4*n(y). What are the prime factors of o(i)?
2
Let c(k) = 11*k**2 + 11*k - 5. Let p(w) = -6*w**2 - 5*w + 3. Let l(s) = 4*c(s) + 7*p(s). List the prime factors of l(-6).
19
Let j(q) = 2*q**2 + 6*q + 22. List the prime factors of j(-8).
2, 3, 17
Let q(l) = -l - 3. Let y be q(-5). Suppose -g = -y - 5. Suppose -g = -2*r + 5. List the prime factors of r.
2, 3
Let x(q) = -q**3 - 2*q**2 - 5*q + 4. Let u = 4 + -8. Let h be x(u). Suppose 4*l + 0 - h = 0. List the prime factors of l.
2, 7
Let h(f) = 14*f**2 - 8*f + 13. List the prime factors of h(3).
5, 23
Suppose -5*f - 19 = -4. Let g = f - -13. List the prime factors of g.
2, 5
Let f = 2 - -1. Let r = -3 + f. Suppose r = -5*h - 3*i + 23, 3*i + 40 = 4*h - 0*h. List the prime factors of h.
7
Let s = 41 - 3. Suppose 3*c = -3*c + 336. Let i = c - s. List the prime factors of i.
2, 3
Let a(x) be the first derivative of x**3 + x**2 - 5. Let u be 3/15 + 11/(-5). List the prime factors of a(u).
2
What are the prime factors of -2 + (-2)/(4/(-30))?
13
Let q be 16 - (-1 + (-4)/(-2)). Suppose -2*a + q = -a. What are the prime factors of a?
3, 5
Suppose 2*f - 2 = 4. Suppose 10 = -2*g - 3*s, -g - f*g + 2*s + 12 = 0. Let m = 1 + g. What are the prime factors of m?
2
Let t(j) = j**2 - 6*j + 4. Let c be t(6). Suppose 17 = -c*s + 65. List the prime factors of s.
2, 3
Let k(j) = 4*j + 3. Let t be k(5). Suppose 3*i - t = -4*d, 0 = -0*i - 2*i - 6. List the prime factors of d.
2
Suppose 2*v - v - 2 = 0. Suppose -26 = -2*p - v*i, 0 = 4*p - i - 3*i - 52. List the prime factors of p.
13
Suppose -78 = 5*o - 4*o. Let r = -46 - o. What are the prime factors of r?
2
Let c be 320/12 + 2/6. Suppose -p = 2*p - c. What are the prime factors of p?
3
Suppose 2*o = 4 + 4. Suppose u = 4*d - 1, o*u - d = -0*d + 56. List the prime factors of u.
3, 5
Let m = -68 - -155. List the prime factors of m.
3, 29
Suppose -b - 2 = b. Let y be (-6)/2 - (0 + b). What are the prime factors of ((-36)/30)/(y/10)?
2, 3
Let x(r) be the third derivative of r**5/60 + r**4/4 - r**3/6 + 2*r**2. Let s be x(-6). What are the prime factors of s/(-1) - (2 + -12)?
11
Suppose -d + 6 = d. Suppose -v + d = -5. List the prime factors of (-1)/(-4) - (-30)/v.
2
List the prime factors of (8*-1)/(-2)*13.
2, 13
Let y = -2 - -5. What are the prime factors of y/(-2)*(-50)/15?
5
Suppose 0 = 3*p - 5 - 4. Suppose -3 - p = -3*x. List the prime factors of x.
2
Let o = 30 + -18. Let a(k) = k - 10. What are the prime factors of a(o)?
2
Let n(s) = s**3 + 8*s**2 + 7*s + 8. List the prime factors of n(-5).
2, 3
Let z be 4 + -2 + -2 - -63. Let q = z - 33. What are the prime factors of q?
2, 3, 5
Suppose 27 = 5*n + 2. Suppose -205 = -2*d + q, 0 = n*d + q - 0*q - 495. Suppose -3*r = 2*r + 5*l - d, 4*l = -r + 29. List the prime factors of r.
17
What are the prime factors of 8/24 + (-89)/(-3)?
2, 3, 5
Let m be (34 - (1 - 2)) + 2. Suppose 5*q - 38 = -x, -4*x + 7*q + m = 4*q. What are the prime factors of x?
13
Let x be -2 + (-3)/((-12)/20). Suppose y - 32 = -x*y. What are the prime factors of y?
2
Let n(u) = -2*u - 8. Let h be n(-6). Suppose -y = -h*y, -2*j + y + 6 = 0. Let m = 7 - j. What are the prime factors of m?
2
Suppose 0 = -5*y + c - 6*c + 260, 47 = y + 2*c. What are the prime factors of y?
3, 19
Let v be -1 - (-6 - 0/(-1)). Let z be (-42)/(-12) - (-6)/(-4). Let q = v + z. List the prime factors of q.
7
Let h(r) = r + 3. Let f be h(-4). Let z(s) = s. Let m be z(2). Let w = m - f. What are the prime factors of w?
3
Suppose -d + 1 + 1 = 0. Suppose -40 = d*y - 6*y. What are the prime factors of y?
2, 5
Suppose -5*d = -0*d - 90. What are the prime factors of d?
2, 3
Suppose 2*z = 4*z + 2. Let d be (-4)/(-5)*(z - -6). Suppose r - 5*y - 27 = 0, -d*y - 48 - 24 = -5*r. List the prime factors of r.
2, 3
Let q = -1 - -6. Suppose -q*h + 7 = 2*f - 4, 5*h = -3*f + 14. Let b = 6 - f. List the prime factors of b.
3
Let g(m) = 3*m - 3. Let j be g(9). Suppose q = -2*q + j. List the prime factors of q.
2
Let p(q) = -11*q - 1. Let w(k) = 12*k + 2. Let n(u) = -5*p(u) - 4*w(u). Suppose -3*l - 2 = -4*l. What are the prime factors of n(l)?
11
Let h = 2 - -35. What are the prime factors of h?
37
Let l = 11 + 6. List the prime factors of l.
17
Let q = 226 + -70. What are the prime factors of q?
2, 3, 13
Suppose 0 = 2*a - 11 + 3. Let f be (-6)/(-10) - 24/(-10). Suppose -a*t + 2*y = -68 - 2, -3*y - f = 0. What are the prime factors of t?
17
Let l be 0 + (-1)/(-1) - -5. Let n be (-1)/((-2)/l*1). Suppose -3*i + 2 = 2*o, -4*o + n*o + i = -6. What are the prime factors of o?
